ctors of (-3)/(1212/(-400) + 3)?
2, 5
Suppose -4*l + 11 + 9 = 0. Let j be l*3*(-2)/(-10). Let y = j + 12. What are the prime factors of y?
3, 5
Let m = -21 + 33. What are the prime factors of m?
2, 3
What are the prime factors of (-3752)/(-40) - (-1)/10*2?
2, 47
Let v be (-22)/143 + (-509)/(-13). Let m = v - 27. List the prime factors of m.
2, 3
What are the prime factors of 2 + (-1575)/(-5) - 2?
3, 5, 7
Let h be 5/((-15)/(-9)) + -7. Let n = h - -9. List the prime factors of n.
5
Suppose 0*n = -4*n + 32. List the prime factors of n + 9 - -1*1.
2, 3
Let t(s) be the second derivative of s**4/12 - s**3 + 3*s**2 - s. What are the prime factors of t(6)?
2, 3
Suppose 0 = -3*p + 2*v + 33, 2*v - 3 = -2*p + 9. Let u = p - 4. Suppose u*w - w - 18 = 2*t, 24 = 2*w - 4*t. List the prime factors of w.
2
Suppose 0 = -2*l + 4, w = 4*w + 2*l - 19. Suppose 4 = 3*d - 29. Suppose 4*z = 16, -w*c - 3*z + 33 = d. What are the prime factors of c?
2
Suppose 4*i - i - 5*o - 190 = 0, 2*i - 130 = 4*o. Let h = i + -39. Let j = h - -4. List the prime factors of j.
2, 5
Suppose 0 = 2*u + 4*y - 10, 2*u = u + 2*y + 17. Let d(j) = -j**3 + 12*j**2 - 11*j + 5. List the prime factors of d(u).
5
Suppose s - 59 = -4*d, -6*s = -2*s + d - 236. What are the prime factors of s?
59
Suppose 0 = 4*a + t - 129, -t - 11 = -2*a + 52. List the prime factors of a.
2
Let n(u) = u**2 - 8*u - 7. What are the prime factors of n(9)?
2
Let n = 14 + -14. Suppose -b + 3 + 17 = n. What are the prime factors of b?
2, 5
Let m be 2/11 + (-130)/(-11). Let v be 27/m + 1/(-4). Suppose -3*b + 8 = -v*b. List the prime factors of b.
2
Suppose 285 = d + 2*d. Suppose -2*n - 3*n + g + d = 0, 0 = -5*n + 2*g + 90. What are the prime factors of n?
2, 5
Suppose -21 = -5*q + 4*h - 2*h, 3*q + 4*h = 23. Suppose -13 = -t - q. List the prime factors of t.
2
Suppose -288 = -0*j - 4*j. What are the prime factors of j?
2, 3
Let v = 505 + -318. What are the prime factors of v?
11, 17
Let d(c) = -9*c**3 + c**2 + c. Let j = 1 - 2. List the prime factors of d(j).
3
Suppose -621 = -4*n + n. List the prime factors of n.
3, 23
Suppose 0 = 5*p - 3*t + 97, -3*p + 5*t + 21 - 76 = 0. Suppose -47 = -3*s - 125. What are the prime factors of s/(-5) + 4/p?
5
Suppose -10 = 2*p, 5*s - s + 4*p = 84. Suppose -s = -3*k + 58. List the prime factors of k.
2, 7
Suppose -y + 15 = -34. What are the prime factors of y?
7
Suppose 279 = 6*i - 3*i. Suppose b = 4*m - 40, -3*b - 4*m = 107 + i. What are the prime factors of (6/15)/((-2)/b)?
2, 3
Let r = -83 + 138. List the prime factors of r.
5, 11
Let g(r) = r + 8. Let o be g(-4). Suppose 7*d = o*d + 15. List the prime factors of d.
5
Suppose -4*a - 5*x - 89 = 0, -x + 37 = -2*a - 6*x. Let k be (-3)/(-2 - 46/a). Let w = 19 - k. List the prime factors of w.
2, 3
Let w(x) = -4*x**2 - 11*x + 14. Let v(r) = -5*r**2 - 11*r + 15. Let k(i) = 5*v(i) - 6*w(i). List the prime factors of k(9).
3
Let t be (-52)/(-14) + 4/14. Suppose -2*f = -0 - t. List the prime factors of -2 + (f*13)/2.
11
Let b = -1 - -4. Suppose -4*j + 0*j - 256 = 0. What are the prime factors of (j/12)/((-2)/b)?
2
Let u = 16 + -4. List the prime factors of u.
2, 3
Suppose -520 = 2*s - 7*s. List the prime factors of s.
2, 13
Let t = -18 - -11. Let h = 12 + t. What are the prime factors of h?
5
Let h be 9/(-4)*(-5 - -1). What are the prime factors of h*4/(-6)*-3?
2, 3
What are the prime factors of (-86)/(-18) - 2/(-9)?
5
Let j = -61 + 65. What are the prime factors of j?
2
Suppose 0*a + 218 = 4*c - 2*a, -4*a + 191 = 3*c. Suppose 0 = 2*j + 4*r - r - 23, 3*r = 3*j - c. List the prime factors of j.
2
Let r be 5 + -4 + (-4)/(-2). Suppose -r*f = 2*x - 34, 3*f + f - x - 27 = 0. List the prime factors of f - 9 - (-9 - 0).
2
Suppose 0 + 11 = z. Suppose -z = w - 2*w. List the prime factors of w.
11
Let k(d) be the first derivative of -d**3/3 - 4*d**2 + 4*d + 1. Let a be k(-6). Let f = a + -6. What are the prime factors of f?
2, 5
Let o = -9 + 10. List the prime factors of (0 - 5/(-1)) + o.
2, 3
Let r be 3/6 + (-11)/(-2). Suppose 3*j - j = r. What are the prime factors of j?
3
Let z(m) = -2*m + 10. Let l(r) = -3*r + 15. Let p(v) = 6*v - 29. Let g(h) = 7*l(h) + 4*p(h). Let t(u) = -5*g(u) - 6*z(u). What are the prime factors of t(-4)?
7
Let k(a) = -a**3 + 5*a**2 - 3*a + 6. Let d be k(4). List the prime factors of (24/d)/((-6)/(-40)).
2
Suppose -4*q = -p - 25, -5*q + 11 = p - 0*p. List the prime factors of p/(-2 - -5) - -6.
3
Suppose -5*d + 37 = -103. List the prime factors of d.
2, 7
Let s = -1 + 3. Suppose -3*n + 0*n = 3*h - 66, 37 = h - s*n. What are the prime factors of h?
3
Let i(l) = -l**3 + 3*l**2 + 4*l + 5. Let m be i(5). Let d = m - -49. What are the prime factors of d?
2, 3
Suppose 3*v + 2*j + 81 = 0, 2*j = 5*v + 111 + 8. Let b be (-4)/10 + (-10)/v. What are the prime factors of 0 + (2 - b/2)?
2
Suppose 0 = 5*b - d + 30, 3*d = -b + 4*d - 2. Let w(n) = -n**2 - 10*n + 2. What are the prime factors of w(b)?
23
Let v = 12 - 46. Let q = v - -62. What are the prime factors of q?
2, 7
Let y be -45*(-4 - (2 - 5)). What are the prime factors of (-2 - 21/(-9))*y?
3, 5
What are the prime factors of (-92)/6*(-12 + 0)?
2, 23
Suppose -2*x + 3*x = 2*c + 10, 33 = 3*x - 5*c. What are the prime factors of x?
2
Suppose 5*b + d - 13 = 2*b, -3*b + d = -17. Suppose -n - b*c = 0, -n + c + 9 = -3. What are the prime factors of n?
2, 5
Let k(m) be the third derivative of m**4/24 + m**3 - 2*m**2. Let f be k(5). Let a = f + 0. List the prime factors of a.
11
What are the prime factors of -1 + 4 + 4*24?
3, 11
Let f(c) = c**3 - 8*c**2 - 7*c - 8. Let p be f(7). Let b = p + 159. What are the prime factors of b?
53
Let o(g) = 16*g + 20. What are the prime factors of o(5)?
2, 5
Let p(y) = -y**3 + 9*y**2 + 12*y + 10. List the prime factors of p(10).
2, 3, 5
Let l = 0 + 3. Suppose 4*d - 85 = -5*h, 0*h - 4*d = -h + 41. Let i = h - l. List the prime factors of i.
2, 3
Let m(s) = 2*s**2 - 3*s + 1. Let l be m(2). Suppose -3*j + 2*o + 26 + 29 = 0, -l*o - 15 = 0. List the prime factors of j.
3, 5
Let l = -10 - -9. Let v(f) = 5*f**2 - f - 1. What are the prime factors of v(l)?
5
Let c(a) = -13*a**3 + 29*a**2 + 7*a - 7. Let y(t) = 3*t**3 - 7*t**2 - 2*t + 2. Let u(j) = 2*c(j) + 9*y(j). List the prime factors of u(6).
2
Suppose -4*s - 3 = -2*a + 15, -5*a = 3*s - 19. Suppose 40 = a*n - n. List the prime factors of ((-4)/n)/(1/(-30)).
2, 3
Let p(v) = 3*v**3 - 3*v**2 + 2*v - 1. Let o(i) = i - 2. Let z be o(4). List the prime factors of p(z).
3, 5
Suppose -44 = -0*m - m. List the prime factors of m.
2, 11
Suppose 4*w - w + 81 = 0. Let d = 47 + w. List the prime factors of d.
2, 5
Let o(j) = j + 1. Let a be o(-1). Let f be (-1 + 1 - 3) + a. Let m(t) = -6*t - 1. List the prime factors of m(f).
17
Let c(i) = -i + 6. Let p be c(4). Let a(u) = -2*u**3 + 4*u**2 - 2*u - 1. Let k be a(p). What are the prime factors of (1 + k)/((-4)/14)?
2, 7
Suppose -4*b + 9 = -43. List the prime factors of b.
13
Let r = 17 - -8. Suppose 2*s = r + 17. Suppose 2*c = 1 + s. What are the prime factors of c?
11
What are the prime factors of (17 - 1) + 10/5?
2, 3
Let u = 20 + -10. Suppose -u = -5*j - 2*r, -2*j - 4*r + 1 = -3. What are the prime factors of j?
2
Let h = 20 + -16. Suppose 111 = 5*j - h. List the prime factors of j.
23
Suppose 13 = 2*g + 4*l + 95, g - 3*l + 21 = 0. Let b = -21 - g. What are the prime factors of b?
2, 3
Let h = 79 + -140. Let x = h - -34. List the prime factors of (-183)/x + (-2)/(-9).
7
Let h(z) = -32*z - 27. What are the prime factors of h(-5)?
7, 19
Suppose 5*w = -3*y + 38, 2*w + 30 = 3*y - w. What are the prime factors of y?
11
Let i(s) = -2*s + 3 - 1 - 4. Let j be i(4). Let c = 16 + j. What are the prime factors of c?
2, 3
Suppose 0 = -d - d + 22. List the prime factors of (-49)/(-2) + d/22.
5
Suppose 0 = -3*u - 0*u + 216. Let f = u + -35. Suppose 3*o = -4*n + 23, -4*o - 11 = 3*n - f. What are the prime factors of n?
2
Let o = -96 - -146. List the prime factors of o.
2, 5
Let y be (-7)/(-2)*2/1. Suppose 4*p - y = 49. Suppose -4*d = -2*c - 36, -c + 3 = -d + p. What are the prime factors of d?
7
Let f = 1 + -1. Suppose -5*i - 2 = -12. Let v = i - f. List the prime factors of v.
2
Suppose 3*v - 573 + 42 = 0. Suppose v - 42 = 5*l. What are the prime factors of l?
3
What are the prime factors of (